?
3a3b
In base 3, what is -1201 - 1222?
-10200
In base 9, what is -28 - 283?
-322
In base 4, what is 0 - 10021?
-10021
In base 14, what is 0 + -4c4?
-4c4
In base 15, what is -70 + 25?
-4a
In base 15, what is 26 + -33?
-c
In base 16, what is 20 - 2?
1e
In base 8, what is 240 - 1?
237
In base 16, what is -2d + 1?
-2c
In base 5, what is 3 + 31?
34
In base 6, what is 1321 + 3?
1324
In base 13, what is 7c - -4?
83
In base 5, what is 2 - -1423?
1430
In base 6, what is -225 + 11?
-214
In base 7, what is 0 - 20?
-20
In base 10, what is 158 - -46?
204
In base 15, what is -2 - -b95?
b93
In base 11, what is 2a - 16?
14
In base 10, what is 0 + 578?
578
In base 6, what is -223 + -2?
-225
In base 10, what is -594 - -5?
-589
In base 12, what is 2 - 108?
-106
In base 15, what is 418 + 6?
41e
In base 16, what is -3a4 + 9?
-39b
In base 9, what is -3 - 16?
-20
In base 9, what is 121 + 3?
124
In base 14, what is 2 - -1675?
1677
In base 4, what is 1003203 + 2?
1003211
In base 7, what is -10 + -60?
-100
In base 3, what is 2 + 221?
1000
In base 16, what is 0 - -1df?
1df
In base 9, what is -5430 - -4?
-5425
In base 8, what is 12 + -11?
1
In base 12, what is -3 + -742?
-745
In base 9, what is 181 + -1?
180
In base 2, what is -11 - 1110101010?
-1110101101
In base 6, what is 52330 + -3?
52323
In base 6, what is 141 - 1?
140
In base 4, what is 122 - -11?
133
In base 8, what is 4 - 732?
-726
In base 10, what is 24 + 110?
134
In base 10, what is -1 + -33?
-34
In base 6, what is 4 - 3422?
-3414
In base 4, what is 1 - -1013303?
1013310
In base 5, what is 10 - -340?
400
In base 11, what is 2a5 + -a?
296
In base 7, what is 2 - -32?
34
In base 10, what is 3 - -537?
540
In base 15, what is b7 - 1?
b6
In base 3, what is -21111 - 2?
-21120
In base 15, what is -39 + -a?
-44
In base 15, what is 3 - 4d?
-4a
In base 5, what is 0 + 102?
102
In base 7, what is -53 + 12?
-41
In base 9, what is 6213 + 4?
6217
In base 8, what is 10 + -267?
-257
In base 7, what is -2254 + 0?
-2254
In base 12, what is 1 + 292a?
292b
In base 12, what is 9 + 4?
11
In base 5, what is 13 - 24?
-11
In base 11, what is -3 + 29?
26
In base 8, what is 3575 - -1?
3576
In base 13, what is 2 + 217?
219
In base 6, what is -100 - 120?
-220
In base 16, what is -d + -92?
-9f
In base 13, what is -392 + -5?
-397
In base 3, what is -112 + 1212?
1100
In base 6, what is -20 + -24?
-44
In base 6, what is -4235 - -5?
-4230
In base 12, what is -113 + -3a?
-151
In base 5, what is 3 + 1304?
1312
In base 3, what is -1 - -100001?
100000
In base 8, what is 50 + 4?
54
In base 8, what is -12236 + 3?
-12233
In base 7, what is 4 + -106?
-102
In base 11, what is -4 - 14?
-18
In base 16, what is 14 + 2a?
3e
In base 9, what is 16 + -13?
3
In base 10, what is 15 - 59?
-44
In base 7, what is 444 - 3?
441
In base 5, what is -141 - -2?
-134
In base 9, what is -14 + -10?
-24
In base 5, what is -44 - 1?
-100
In base 8, what is -7644 + -1?
-7645
In base 5, what is 13 - 23?
-10
In base 5, what is -2032 + 3?
-2024
In base 14, what is 2 - bc?
-ba
In base 10, what is -4 - -146?
142
In base 15, what is -1e + -1?
-20
In base 12, what is 281 + -37?
246
In base 16, what is 0 + 23?
23
In base 15, what is 5 + 83?
88
In base 16, what is -34 + -58?
-8c
In base 16, what is 5 + -3f6?
-3f1
In base 8, what is 110 + 5?
115
In base 8, what is -3 + 2436?
2433
In base 13, what is -b - 15?
-23
In base 8, what is -5 + -51?
-56
In base 9, what is 0 - -7?
7
In base 10, what is 41 + -506?
-465
In base 12, what is -141b + 5?
-1416
In base 14, what is a3 - -3d?
102
In base 6, what is -5244 - -10?
-5234
In base 14, what is 24 + 3d?
63
In base 6, what is 1 + 131?
132
In base 15, what is e32 + -1?
e31
In base 5, what is -12 - 13?
-30
In base 7, what is 15 + -2126?
-2111
In base 4, what is 0 + -2233?
-2233
In base 8, what is 6 - -62?
70
In base 8, what is 1 + -3026?
-3025
In base 16, what is 2ec - 1?
2eb
In base 12, what is 31a + 2?
320
In base 7, what is 1 - 106?
-105
In base 5, what is -10 + -32?
-42
In base 13, what is 121 - -5?
126
In base 10, what is 3 + -481?
-478
In base 13, what is 10c - -6?
115
In base 8, what is 36 - 245?
-207
In base 12, what is -21497 + -2?
-21499
In base 5, what is -31 - -3342?
3311
In base 16, what is 2 - -22?
24
In base 5, what is -112342 - -10?
-112332
In base 9, what is 5 - 56?
-51
In base 4, what is 1211 + 1000?
2211
In base 9, what is 2 - -138?
141
In base 3, what is -111011 - 11?
-111022
In base 5, what is 22223 - 1?
22222
In base 7, what is -5 - 12110?
-12115
In base 6, what is -4 + 21?
13
In base 6, what is -505 - -2?
-503
In base 3, what is 2 - -211012?
211021
In base 5, what is 20 - -41434?
42004
In base 13, what is a42 - -2?
a44
In base 10, what is -19 - -5?
-14
In base 3, what is -12 + -11202?
-11221
In base 3, what is 0 + -201?
-201
In base 6, what is -10 + 54?
44
In base 5, what is -10 - 34?
-44
In base 14, what is -a6 + -28?
-d0
In base 3, what is -110101 - -10?
-110021
In base 9, what is 1 - -1?
2
In base 2, what is 11 + 111110110001?
111110110100
In base 11, what is -2 + 559?
557
In base 2, what is 11 + 11010100?
11010111
In base 3, what is 10002021 - 10?
10002011
In base 10, what is -20 - 3?
-23
In base 15, what is 4 + -a8b?
-a87
In base 13, what is -2 + -110?
-112
In base 14, what is -494d - -4?
-4949
In base 7, what is -1 - 240?
-241
In base 9, what is 80 + 41?
131
In base 13, what is 5 + 532?
537
In base 3, what is 1 - -10000120?
10000121
In base 10, what is 2 + -1044?
-1042
In base 15, what is -145 + -c?
-152
In base 3, what is -10021 - 20010?
-100101
In base 3, what is 200 + 112?
1012
In base 2, what is -110100111 - 10001?
-110111000
In base 10, what is -80 - -4?
-76
In base 12, what is 5 - -27?
30
In base 5, what is -23030 - 0?
-23030
In base 16, what is -5 - b7?
-bc
In base 2, what is 100000001101 + 100?
100000010001
In base 12, what is 5 - -853?
858
In base 9, what is 16 + 112?
128
In base 9, what is 3 - -1600?
1603
In base 11, what is 2 - -35?
37
In base 6, what is 52 + -224?
-132
In base 5, what is -13 - 1210?
-1223
In base 4, what is -12 + 11100?
11022
In base 7, what is -3 - 10?
-13
In base 10, what is 583 - 4?
579
In base 6, what is -304 + -4?
-312
In base 7, what is -5 + -30?
-35
In base 4, what is -3102 + -1?
-3103
In base 7, what is -13 + 415?
402
In base 9, what is 0 + 204?
204
In base 15, what is -3 + -89?
-8c
In base 6, what is -53055 - -3?
-53052
In base 12, what is -3 + -1083?
-1086
In base 8, what is 5 - 673?
-666
In base 11, what is -3 - -2aa?
2a7
In base 15, what is -1 + 200?
1ee
In base 4, what is 1013 - 300?
113
In base 5, what is -3 + -43312?
-43320
In base 11, what is -1 - 193?
-194
In base 5, what is -144 + -13?
-212
In base 15, what is -4 - 373?
-377
In base 13, what is 4a8 - 5?
4a3
In base 2, what is -10 - 1100001?
-1100011
In base 10, what is 8352 + -3?
8349
In base 7, what is -1 + 13241?
13240
In base 5, what is 1230 + -21?
1204
In base 3, what is 10022121120 - 0?
10022121120
In base 7, what is 3 + -40?
-34
In base 16, what is -31 + -1?
-32
In base 11, what is -11 - -2?
-a
In base 15, what is 1546 - 0?
1546
In base 6, what is 403 - 1?
402
In base 10, what is 1805 - 0?
1805
In base 13, what is -384 - 4?
-388
In base 6, what is 40 + 4?
44
In base 4, what is 133 + 200?
333
In base 11, what is 1 - -542?
543
In base 8, what is 4 + 45?
51
In base 11, what is -91 - -1?
-90
In base 12, what is -1b + -3?
-22
In base 14, what is -5 + -29?
-30
In base 5, what is -124413 - -4?
-124404
In base 9, what is 34 + 100?
134
In base 5, what is -20420 - -4?
-20411
In base 11, what is -132 + 0?
-132
In base 7, what is -3320 + 3?
-3314
In base 11, what is 251 + 0?
251
In base 16, what is 4 - -8f?
93
In base 7, what is 15 - 6?
6
In base 8, what is -5 + -71?
-76
In base 13, what is -198 + -1?
-199
In base 14, what is c + 88?
96
In base 7, what is 362 + -5?
354
In base 9, what is -40 - -268?
228
In base 15, what is 5 - -1ac?
1b2
In base 7, what is -3 + -20?
-23
In base 4, what is -130 + 10230?
10100
In base 13, what is -2 - 77?
-79
In base 11, what is -44a - 2?
-451
In base 12, what is -7 + 177?
170
In base 11, what is -123 + 1?
-122
In base 14, what is -48 - 16?
-60
In base 10, what is -7 + 3?
-4
In base 14, what is a - -44?
50
In base 5, what is 31333 - -13?
31401
In base 11, what is 4 - -99?
a2
In base 2, what is 11 